36*q - 20. Let r be a(5). What is the tens digit of ((-3)/((-6)/8))/1 - r?
0
Suppose u + 5*n - 925 = 0, 3*u + 3*n - 2825 = -2*n. Let p = u - 560. Suppose 6*m = 11*m - p. What is the units digit of m?
8
Let r = 58 + 10. Let l = r + -7. What is the tens digit of l?
6
Suppose -4*y + 0*y = 416. What is the units digit of (y/(-156))/(1/(-183)*-2)?
1
Suppose 4*f + 5*x - 38 = 0, 0 - 3 = f - 5*x. Suppose -f*n = -2*n - o - 267, -276 = -5*n - 2*o. What is the tens digit of n?
5
Suppose 2*u + 1381 = 6*u - 3*a, -u + 2*a + 339 = 0. What is the tens digit of u?
4
Suppose 6*q - q + 45 = 5*m, 3*m - 3 = -3*q. What is the tens digit of ((-18)/(-6))/((-6)/q) - -22?
2
Let q(k) = -7*k + 15. Let g be q(-11). Suppose -4 = -2*i + g. Suppose 6*d = 90 + i. What is the tens digit of d?
2
Let n be 1/(-3) - 28/(-12). Suppose 5*w - 24 = n*i, -4*w + 2*i + 30 = 4*i. What is the tens digit of ((-138)/(-18))/(2/w)?
2
Let v be ((-549)/(-18))/(2/4). Let m = -24 + v. What is the tens digit of m?
3
Suppose -3*x = -15, -190 = 5*m - 10*m + 2*x. Let w = -27 + m. What is the tens digit of w?
1
Let w = 53 + -49. Suppose w*l + 5*d - 446 = 0, 5*l - 3*d + 53 = 592. What is the tens digit of l?
0
Suppose x = -3*t + 8*t - 20, 4*t + 3*x = -3. Suppose l = -t*l + 316. What is the tens digit of l?
7
Let p be 1 + ((-1)/1 - 176). What is the units digit of (p/6 - 0)*(13 + -16)?
8
Let q(w) = -4*w - 10. Let s be q(-7). Suppose -2*n - n + 5*g + s = 0, 2*g = 4*n - 10. What is the units digit of n?
1
Let w = 399 + -199. What is the tens digit of w?
0
Let m(u) be the second derivative of -u**5/5 + u**4/3 + u**3/6 + 2*u**2 + 11*u. What is the units digit of m(-2)?
0
Let p(a) be the first derivative of -31*a**2/2 + 3*a - 1. Suppose 3*s - 2*x = 0, 0 = -4*s - 31*x + 28*x - 17. What is the tens digit of p(s)?
6
Suppose -5*n = r - 11652, 4*n = -11*r + 7*r + 9312. What is the units digit of n?
1
Suppose 10 = -5*u + 7*u. Let t(p) = 28*p - 10. What is the units digit of t(u)?
0
Let o be (-154)/(-4) - (-15)/(-10). Let f = 66 - o. What is the units digit of f?
9
Suppose 0 = -13*x - 0*x + 5889. What is the tens digit of x?
5
Let t = 21 - 18. Suppose -2*b + t*n = 2*n - 29, 2*b = 5*n + 49. Let j = b + 45. What is the tens digit of j?
5
What is the units digit of (4 + 0)/(29/13775)?
0
Let x be 9 + -5 + (-4 - (0 + -3)). Suppose -x*i + 5*u + 804 + 122 = 0, 1228 = 4*i - 5*u. What is the units digit of i?
2
Suppose -3*m = 3, 2*y + 5*m - 1210 = -y. What is the hundreds digit of y?
4
Let n(h) = 11*h**2 - 17*h - 32. What is the units digit of n(9)?
6
Let c(z) = z**2 + 6*z + 61. What is the hundreds digit of c(20)?
5
Suppose -102*u + 106*u = 2*w - 1046, -1589 = -3*w + 2*u. What is the tens digit of w?
3
Suppose -3*k + 18 - 6 = 0. Let b(h) = h**3 - 4*h - 3. Let o be b(k). Suppose 4*i - i = o. What is the units digit of i?
5
Suppose 3*t - 57 - 10 = 4*l, -3*t = 3*l - 39. Suppose i + 6*j - j = 0, -t = -4*i - 3*j. Suppose 0 = i*c - 0*c - 10. What is the units digit of c?
2
Suppose 3*j + 2*q - q - 391 = 0, -j - 3*q + 141 = 0. Suppose -39*d + 38*d + j = 0. What is the tens digit of d?
2
Let h(q) be the second derivative of 0 + 5/12*q**4 + 6*q + 1/2*q**3 + 0*q**2 - 1/20*q**5. What is the units digit of h(3)?
7
Suppose -f - 3*m + 148 = -1664, 0 = -5*f - 5*m + 9080. What is the thousands digit of f?
1
Suppose 0 = u - l - 2, 2*u = -5*l - 2 - 15. Let c(w) = -3*w**3 + w**2 + 2*w + 2. Let x be c(u). What is the tens digit of -1 - 184/(x/(-1))?
4
Suppose 6698 = 21*w - 10942. What is the tens digit of w?
4
Let w be (-2 - (-4 + 3))*2. Let v be ((-5)/10)/(w/24). Suppose v*b - b = 135. What is the units digit of b?
7
Suppose 5*o - 28 = -5*p + 2, -3*o + 14 = -p. What is the units digit of ((-7 - (-3 - p)) + -3)/(-2)?
3
Let n = -7 - -12. Suppose n*c = -3*g + 360, 360 = 2*c + 3*c - 3*g. What is the units digit of c?
2
What is the units digit of (-6)/(3*-4) - 283/(-2)?
2
Let z = 36 - 32. Suppose 0 = z*s - 97 - 155. What is the units digit of s?
3
Let t(f) = 2*f**2 + 24*f - 28. What is the tens digit of t(-19)?
3
Let o(d) = -2*d**2 + 15*d - 10. Let k(j) = 2*j**2 - 16*j + 9. Let z(a) = -4*k(a) - 5*o(a). What is the tens digit of z(9)?
7
Let w(p) = 2*p**3 + 2*p - 1. Let z be w(1). Suppose 5*d - z*x = 2854, d + x = 2*x + 570. What is the units digit of 2/12 + d/24?
4
Suppose -16*j + 9*j = -2156. Suppose i - j = -i. What is the hundreds digit of i?
1
Suppose 0 = 30*x - 61060 - 26630. What is the hundreds digit of x?
9
Let u = -274 + 1255. What is the hundreds digit of u?
9
Let t = 14 - 11. Suppose 3*c - 52 = 4*k, k = -t*c + 3*k + 50. What is the tens digit of 15 - (c - 4)/4?
1
Let k(a) = -a**3 + 13*a**2 - 16*a - 22. Let p be k(12). What is the units digit of (-6)/4 + p/(-28)?
1
Let g = 39 - 7. Let x = 305 - 304. Let b = x + g. What is the units digit of b?
3
Suppose -2*o + 16 = 2*r, -5*o + 33 = 4*r - 3. Suppose -121 + r = -3*k. What is the tens digit of k?
3
Let d = 2 - -3. Suppose -3*n + 5*n = d*l + 184, 137 = -4*l + 5*n. Let r = l - -62. What is the tens digit of r?
2
Let x = -3220 - -4476. What is the tens digit of x?
5
What is the tens digit of ((-910)/(-5))/(-1)*-1?
8
Let s(o) = 6*o - 22. Let l be s(-11). Let x be (-16)/l + (-20)/(-11). Suppose -73 = -2*p + w + x*w, 2*p + w = 77. What is the tens digit of p?
3
Let p(i) = -2*i - 15. Let a be p(-14). Let j = a + -11. What is the units digit of 69/j - 14/28?
4
Let l be 1 + 0 - (0 + -170). Let q = -107 + l. What is the units digit of -4 + (q/4)/1?
2
Let y = 4878 + -2779. What is the tens digit of y?
9
Let g be (-48)/(-18)*12/16. Suppose -g*j - 3*r = -120, -6*j + 9*j - 158 = r. What is the tens digit of j?
5
Let r(i) = -20*i**3 - i**2 + 4. Let a be r(2). Let s = -70 - a. What is the units digit of s?
0
Let m(j) = j**3 + 2*j**2 - 2*j - 4. Let v be m(2). Let b = 110 + v. What is the tens digit of b?
1
Let f be (-4)/(-6) + (-4)/(-3). Let v(a) = -2 - a**3 + 8*a - f - 4*a**2 + 0. What is the tens digit of v(-6)?
2
Suppose 4*j + 1314 = 2*q, -5*q = 7*j - 4*j - 3311. What is the tens digit of q?
6
Let k(m) = -14*m - 6. Let o be k(-1). What is the hundreds digit of (686/o)/((-2)/(-8))?
3
Let s = -547 + 2446. What is the units digit of s?
9
Suppose 5*w - 11*w + 2766 = 0. What is the units digit of w?
1
Suppose s - 5*i - 825 = 3*s, -s - 3*i - 414 = 0. Let x = 602 + s. What is the units digit of x?
7
Suppose 0*b = -4*d + 2*b - 730, 178 = -d + 2*b. Let i = d + 405. What is the tens digit of i?
2
Let i(k) be the first derivative of k**3/3 + 3*k**2 - 5*k - 1. Let n = 565 - 560. What is the tens digit of i(n)?
5
Suppose 10*b - 9*b - 2 = 0. Suppose -3*k + 15 = 0, d - 4*k = -2*k - 5. Suppose b*y + y = -c + 155, 0 = d*c - 10. What is the units digit of y?
1
What is the tens digit of 79/6*(93 - 87)?
7
Let b be 361/7 - 15/(-35). Let k = b + 9. What is the units digit of k?
1
Suppose 3*w = -4*t + 2283, 3 = -2*w + 13. Suppose t = 8*k - k. What is the units digit of k?
1
Let i(d) be the second derivative of d**3/6 - 5*d**2/2 + 4*d. Let k be i(7). What is the tens digit of 4/k + (-1 - -12)?
1
Suppose 1196 + 112 = 6*l. What is the hundreds digit of l?
2
Let u = -10 - -12. Suppose -u*s - s = 4*v - 12, 0 = -s - 4*v + 12. Suppose 2*n - 22 - 20 = s. What is the tens digit of n?
2
Let l(k) = 2*k**3 - 2*k**2 - 2*k + 2. Let c be l(3). Suppose -t - b + c = -6*b, -3*t + 16 = 5*b. What is the tens digit of t?
1
Let x = 107 + 3. Suppose -12 = -3*o + 4*a + 24, -15 = 5*a. Suppose -3*s = -o*s + x. What is the units digit of s?
2
Suppose 6*p = -5*k + 8*p - 977, 0 = 5*k - 5*p + 980. Let j = -117 - k. What is the tens digit of j?
7
Suppose -16488 = -13*h + 5*h. What is the thousands digit of h?
2
Suppose 2*g = -5*u + 2979, 3*g = -5*u + 4210 - 1229. What is the tens digit of u?
9
Suppose -2296 = -5*i - 4*z, -3*i = -i + 4*z - 928. What is the units digit of i?
6
Let f(c) = 34*c**2 + 2*c + 1. Let b be f(2). Let v = b + -81. What is the units digit of v?
0
What is the units digit of (-2)/(11/(24200/(-16)))?
5
Let v = 340 + -721. Let k = -263 - v. What is the tens digit of k?
1
Let m(w) = 83*w - 42. What is the tens digit of m(3)?
0
Let o(r) = r**3 + 15*r**2 - 14*r + 36. Let l be o(-16). What is the units digit of -3*(-1115)/60*l?
3
Suppose -37*t + 8920 = 3*t. What is the tens digit of t?
2
Suppose 0 = -3*d + 17 + 448. What is the units digit o